{"id":183,"date":"2021-08-18T17:22:15","date_gmt":"2021-08-18T17:22:15","guid":{"rendered":"http:\/\/lfconsultants.com\/?page_id=183"},"modified":"2021-08-20T19:34:46","modified_gmt":"2021-08-20T19:34:46","slug":"consultoria-contable-fiscal","status":"publish","type":"page","link":"https:\/\/lfconsultants.com\/index.php\/consultoria-contable-fiscal\/","title":{"rendered":"Consultor\u00eda contable y fiscal"},"content":{"rendered":"<style>.wp-block-kadence-advancedheading.kt-adv-heading_8460f0-58, .wp-block-kadence-advancedheading.kt-adv-heading_8460f0-58[data-kb-block=\"kb-adv-heading_8460f0-58\"]{font-style:normal;}.wp-block-kadence-advancedheading.kt-adv-heading_8460f0-58 mark.kt-highlight, .wp-block-kadence-advancedheading.kt-adv-heading_8460f0-58[data-kb-block=\"kb-adv-heading_8460f0-58\"] mark.kt-highlight{font-style:normal;color:#f76a0c;-webkit-box-decoration-break:clone;box-decoration-break:clone;padding-top:0px;padding-right:0px;padding-bottom:0px;padding-left:0px;}<\/style>\n<h2 class=\"kt-adv-heading_8460f0-58 wp-block-kadence-advancedheading\" data-kb-block=\"kb-adv-heading_8460f0-58\">Asesor\u00eda y consultor\u00eda contable y fiscal<\/h2>\n\n\n\n<p>En L&amp;F ofrecemos consultor\u00eda contable y fiscal para poner a nuestros clientes al d\u00eda con las exigencias de la DIAN y el gobierno. De esta forma, les evitamos sanciones o multas que pueden poner en riesgo la operaci\u00f3n de su negocio. Sin embargo, muchas veces por estar pendientes de la operaci\u00f3n o de factores externos las sanciones se vuelven una realidad. Es por ello que nuestra firma se apersona de toda exigencia contable y fiscal en pro del desarrollo apropiado del negocio.<\/p>\n\n\n\n<div class=\"wp-block-image\"><figure class=\"aligncenter size-full\"><img fetchpriority=\"high\" decoding=\"async\" width=\"1025\" height=\"684\" src=\"http:\/\/lfconsultants.com\/wp-content\/uploads\/2021\/08\/cnt.jpg\" alt=\"\" class=\"wp-image-186\" srcset=\"https:\/\/lfconsultants.com\/wp-content\/uploads\/2021\/08\/cnt.jpg 1025w, https:\/\/lfconsultants.com\/wp-content\/uploads\/2021\/08\/cnt-300x200.jpg 300w, https:\/\/lfconsultants.com\/wp-content\/uploads\/2021\/08\/cnt-768x512.jpg 768w\" sizes=\"(max-width: 1025px) 100vw, 1025px\" \/><\/figure><\/div>\n\n\n<style>.wp-block-kadence-advancedheading.kt-adv-heading_33e8db-50, .wp-block-kadence-advancedheading.kt-adv-heading_33e8db-50[data-kb-block=\"kb-adv-heading_33e8db-50\"]{font-style:normal;}.wp-block-kadence-advancedheading.kt-adv-heading_33e8db-50 mark.kt-highlight, .wp-block-kadence-advancedheading.kt-adv-heading_33e8db-50[data-kb-block=\"kb-adv-heading_33e8db-50\"] mark.kt-highlight{font-style:normal;color:#f76a0c;-webkit-box-decoration-break:clone;box-decoration-break:clone;padding-top:0px;padding-right:0px;padding-bottom:0px;padding-left:0px;}<\/style>\n<h2 class=\"kt-adv-heading_33e8db-50 wp-block-kadence-advancedheading\" data-kb-block=\"kb-adv-heading_33e8db-50\">Outsourcing contable<\/h2>\n\n\n\n<p>Primero, hablaremos del outsourcing contable. Este consiste en preparar y elaborar las declaraciones financieras, contables y tributarias para el cumplimiento de requerimientos legales. Es muy importante tener esta documentaci\u00f3n propiamente diligenciada y dentro del tiempo estipulado por la DIAN. Las consecuencias de no entregar la documentaci\u00f3n exigida pueden tener efectos negativos como intereses por mora o inclusive el cierre total del negocio. En Lawyers and Financial ofrecemos outsourcing tributario para ayudarte a evitar sanciones, respondiendo ante las exigencias de la DIAN de manera oportuna. Estos servicios incluyen:<\/p>\n\n\n\n<ul class=\"wp-block-list\"><li>Declaraci\u00f3n de retenci\u00f3n en la fuente<\/li><li>Declaraci\u00f3n de Impuesto sobre las ventas (IVA)<\/li><li>Retenci\u00f3n de Industria y Comercio (ICA)<\/li><li>Declaraci\u00f3n y presentaci\u00f3n de formulario cambiarios a los entes de control<\/li><li>Emitir opini\u00f3n sobre la razonabilidad de los estados financieros, Revisar y validar la&nbsp;contabilidad de acuerdo con las normas legales y la t\u00e9cnica contable<\/li><li>Evaluar el sistema de control interno<\/li><\/ul>\n\n\n<style>.wp-block-kadence-advancedheading.kt-adv-heading_03c9b9-42, .wp-block-kadence-advancedheading.kt-adv-heading_03c9b9-42[data-kb-block=\"kb-adv-heading_03c9b9-42\"]{font-style:normal;}.wp-block-kadence-advancedheading.kt-adv-heading_03c9b9-42 mark.kt-highlight, .wp-block-kadence-advancedheading.kt-adv-heading_03c9b9-42[data-kb-block=\"kb-adv-heading_03c9b9-42\"] mark.kt-highlight{font-style:normal;color:#f76a0c;-webkit-box-decoration-break:clone;box-decoration-break:clone;padding-top:0px;padding-right:0px;padding-bottom:0px;padding-left:0px;}<\/style>\n<h2 class=\"kt-adv-heading_03c9b9-42 wp-block-kadence-advancedheading\" data-kb-block=\"kb-adv-heading_03c9b9-42\">Revisoria Fiscal<\/h2>\n\n\n\n<p>Segundo, veremos en qu\u00e9 consiste la revisor\u00eda fiscal. Este es un instrumento utilizado por los contadores o revisores fiscales. Su misi\u00f3n es ejercer la inspecci\u00f3n interna y vigilancia de las sociedades mercantiles, velando por el cumplimiento de leyes y estatutos que le son aplicables.<\/p>\n\n\n\n<p>En L&amp;F nuestra misi\u00f3n es prestar un excelente servicio en revisor\u00eda fiscal. Dichos servicios podr\u00edan traducirse en:<\/p>\n\n\n\n<ul class=\"wp-block-list\"><li>Emitir opini\u00f3n sobre la razonabilidad de los estados financieros,&nbsp;<\/li><li>Revisar y validar la contabilidad de acuerdo con las normas legales y la t\u00e9cnica contable,<\/li><li>Evaluar el sistema de control interno<\/li><li>Colaboraci\u00f3n con las entidades gubernamentales de regulaci\u00f3n y control y rendici\u00f3n de los informes a que haya lugar o de terceros que lo soliciten&nbsp;<\/li><li>Velar por la salvaguarda y adecuada conservaci\u00f3n y utilizaci\u00f3n de las propiedades y equipos, Revisar y firmar las declaraciones.<\/li><\/ul>\n\n\n<style>.wp-block-kadence-advancedheading.kt-adv-heading_9c26ba-e0, .wp-block-kadence-advancedheading.kt-adv-heading_9c26ba-e0[data-kb-block=\"kb-adv-heading_9c26ba-e0\"]{font-style:normal;}.wp-block-kadence-advancedheading.kt-adv-heading_9c26ba-e0 mark.kt-highlight, .wp-block-kadence-advancedheading.kt-adv-heading_9c26ba-e0[data-kb-block=\"kb-adv-heading_9c26ba-e0\"] mark.kt-highlight{font-style:normal;color:#f76a0c;-webkit-box-decoration-break:clone;box-decoration-break:clone;padding-top:0px;padding-right:0px;padding-bottom:0px;padding-left:0px;}<\/style>\n<h2 class=\"kt-adv-heading_9c26ba-e0 wp-block-kadence-advancedheading\" data-kb-block=\"kb-adv-heading_9c26ba-e0\">Consultor\u00eda contable y fiscal con Lawyers and Financial <\/h2>\n\n\n\n<p><br>Queremos que nuestros clientes conf\u00eden completamente en nosotros. Como resultado les quitaremos un peso de encima en materia contable y fiscal. Cuenten con la opini\u00f3n experta de nuestro equipo altamente capacitado. Llamenos hoy y consulte con nosotros su situaci\u00f3n.<\/p>\n\n\n\n<div class=\"wp-block-group alignfull has-background\" style=\"background:linear-gradient(135deg,rgb(218,218,218) 48%,rgb(248,248,248) 58%)\"><div class=\"wp-block-group__inner-container is-layout-flow wp-block-group-is-layout-flow\">\n<div class=\"wp-block-group has-white-background-color has-background\"><div class=\"wp-block-group__inner-container is-layout-flow wp-block-group-is-layout-flow\">\n<div class=\"wp-block-media-text has-media-on-the-right is-stacked-on-mobile is-vertically-aligned-center\" style=\"grid-template-columns:auto 37%\"><figure class=\"wp-block-media-text__media\"><img decoding=\"async\" width=\"1024\" height=\"683\" src=\"http:\/\/lfconsultants.com\/wp-content\/uploads\/2021\/08\/revfs-1024x683.jpg\" alt=\"\" class=\"wp-image-185 size-full\" srcset=\"https:\/\/lfconsultants.com\/wp-content\/uploads\/2021\/08\/revfs-1024x683.jpg 1024w, https:\/\/lfconsultants.com\/wp-content\/uploads\/2021\/08\/revfs-300x200.jpg 300w, https:\/\/lfconsultants.com\/wp-content\/uploads\/2021\/08\/revfs-768x512.jpg 768w, https:\/\/lfconsultants.com\/wp-content\/uploads\/2021\/08\/revfs.jpg 1348w\" sizes=\"(max-width: 1024px) 100vw, 1024px\" \/><\/figure><div class=\"wp-block-media-text__content\">\n<h2 class=\"has-primary-color has-text-color wp-block-heading\">Evite multas y sanciones<\/h2>\n\n\n\n<p>Nuestro equipo est\u00e1 para apoyarlo.<\/p>\n\n\n\n<div class=\"wp-block-buttons is-layout-flex wp-block-buttons-is-layout-flex\">\n<div class=\"wp-block-button\"><a class=\"wp-block-button__link\" href=\"http:\/\/lfconsultants.com\/index.php\/contacto\/\">Contactenos<\/a><\/div>\n<\/div>\n<\/div><\/div>\n<\/div><\/div>\n<\/div><\/div>\n","protected":false},"excerpt":{"rendered":"<p>Asesor\u00eda y consultor\u00eda contable y fiscal En L&amp;F ofrecemos consultor\u00eda contable y fiscal para poner a nuestros clientes al d\u00eda con las exigencias de la DIAN y el gobierno. De esta forma, les evitamos sanciones o multas que pueden poner en riesgo la operaci\u00f3n de su negocio. Sin embargo, muchas veces por estar pendientes de&hellip; <br \/> <a class=\"read-more\" href=\"https:\/\/lfconsultants.com\/index.php\/consultoria-contable-fiscal\/\">Read more<\/a><\/p>\n","protected":false},"author":1,"featured_media":0,"parent":0,"menu_order":0,"comment_status":"closed","ping_status":"closed","template":"","meta":{"om_disable_all_campaigns":false,"_monsterinsights_skip_tracking":false,"_monsterinsights_sitenote_active":false,"_monsterinsights_sitenote_note":"","_monsterinsights_sitenote_category":0,"footnotes":""},"class_list":["post-183","page","type-page","status-publish","hentry"],"yoast_head":"<!-- This site is optimized with the Yoast SEO plugin v25.3 - https:\/\/yoast.com\/wordpress\/plugins\/seo\/ -->\n<title>Consultor\u00eda contable y fiscal - Abogados en barranquilla<\/title>\n<meta name=\"description\" content=\"Consultor\u00eda contable y fiscal para todos. Servicios de outsourcing contable y revisor\u00eda fiscal. Llamenos para mas informaci\u00f3n.\" \/>\n<meta name=\"robots\" content=\"index, follow, max-snippet:-1, max-image-preview:large, max-video-preview:-1\" \/>\n<link rel=\"canonical\" href=\"https:\/\/lfconsultants.com\/index.php\/consultoria-contable-fiscal\/\" \/>\n<meta property=\"og:locale\" content=\"en_US\" \/>\n<meta property=\"og:type\" content=\"article\" \/>\n<meta property=\"og:title\" content=\"Consultor\u00eda contable y fiscal - Abogados en barranquilla\" \/>\n<meta property=\"og:description\" content=\"Consultor\u00eda contable y fiscal para todos. Servicios de outsourcing contable y revisor\u00eda fiscal. Llamenos para mas informaci\u00f3n.\" \/>\n<meta property=\"og:url\" content=\"https:\/\/lfconsultants.com\/index.php\/consultoria-contable-fiscal\/\" \/>\n<meta property=\"og:site_name\" content=\"Abogados en barranquilla\" \/>\n<meta property=\"article:modified_time\" content=\"2021-08-20T19:34:46+00:00\" \/>\n<meta property=\"og:image\" content=\"http:\/\/lfconsultants.com\/wp-content\/uploads\/2021\/08\/cnt.jpg\" \/>\n<meta name=\"twitter:card\" content=\"summary_large_image\" \/>\n<meta name=\"twitter:label1\" content=\"Est. reading time\" \/>\n\t<meta name=\"twitter:data1\" content=\"3 minutes\" \/>\n<script type=\"application\/ld+json\" class=\"yoast-schema-graph\">{\"@context\":\"https:\/\/schema.org\",\"@graph\":[{\"@type\":\"WebPage\",\"@id\":\"https:\/\/lfconsultants.com\/index.php\/consultoria-contable-fiscal\/\",\"url\":\"https:\/\/lfconsultants.com\/index.php\/consultoria-contable-fiscal\/\",\"name\":\"Consultor\u00eda contable y fiscal - Abogados en barranquilla\",\"isPartOf\":{\"@id\":\"https:\/\/lfconsultants.com\/#website\"},\"primaryImageOfPage\":{\"@id\":\"https:\/\/lfconsultants.com\/index.php\/consultoria-contable-fiscal\/#primaryimage\"},\"image\":{\"@id\":\"https:\/\/lfconsultants.com\/index.php\/consultoria-contable-fiscal\/#primaryimage\"},\"thumbnailUrl\":\"http:\/\/lfconsultants.com\/wp-content\/uploads\/2021\/08\/cnt.jpg\",\"datePublished\":\"2021-08-18T17:22:15+00:00\",\"dateModified\":\"2021-08-20T19:34:46+00:00\",\"description\":\"Consultor\u00eda contable y fiscal para todos. Servicios de outsourcing contable y revisor\u00eda fiscal. Llamenos para mas informaci\u00f3n.\",\"breadcrumb\":{\"@id\":\"https:\/\/lfconsultants.com\/index.php\/consultoria-contable-fiscal\/#breadcrumb\"},\"inLanguage\":\"en-US\",\"potentialAction\":[{\"@type\":\"ReadAction\",\"target\":[\"https:\/\/lfconsultants.com\/index.php\/consultoria-contable-fiscal\/\"]}]},{\"@type\":\"ImageObject\",\"inLanguage\":\"en-US\",\"@id\":\"https:\/\/lfconsultants.com\/index.php\/consultoria-contable-fiscal\/#primaryimage\",\"url\":\"https:\/\/lfconsultants.com\/wp-content\/uploads\/2021\/08\/cnt.jpg\",\"contentUrl\":\"https:\/\/lfconsultants.com\/wp-content\/uploads\/2021\/08\/cnt.jpg\",\"width\":1025,\"height\":684},{\"@type\":\"BreadcrumbList\",\"@id\":\"https:\/\/lfconsultants.com\/index.php\/consultoria-contable-fiscal\/#breadcrumb\",\"itemListElement\":[{\"@type\":\"ListItem\",\"position\":1,\"name\":\"Portada\",\"item\":\"https:\/\/lfconsultants.com\/\"},{\"@type\":\"ListItem\",\"position\":2,\"name\":\"Consultor\u00eda contable y fiscal\"}]},{\"@type\":\"WebSite\",\"@id\":\"https:\/\/lfconsultants.com\/#website\",\"url\":\"https:\/\/lfconsultants.com\/\",\"name\":\"Lawyers and Financial Consultants\",\"description\":\"\",\"publisher\":{\"@id\":\"https:\/\/lfconsultants.com\/#organization\"},\"potentialAction\":[{\"@type\":\"SearchAction\",\"target\":{\"@type\":\"EntryPoint\",\"urlTemplate\":\"https:\/\/lfconsultants.com\/?s={search_term_string}\"},\"query-input\":{\"@type\":\"PropertyValueSpecification\",\"valueRequired\":true,\"valueName\":\"search_term_string\"}}],\"inLanguage\":\"en-US\"},{\"@type\":\"Organization\",\"@id\":\"https:\/\/lfconsultants.com\/#organization\",\"name\":\"Lawyers and Financial Consultants SAS\",\"url\":\"https:\/\/lfconsultants.com\/\",\"logo\":{\"@type\":\"ImageObject\",\"inLanguage\":\"en-US\",\"@id\":\"https:\/\/lfconsultants.com\/#\/schema\/logo\/image\/\",\"url\":\"http:\/\/lfconsultants.com\/wp-content\/uploads\/2021\/08\/LFPNGLOGPQ2.png\",\"contentUrl\":\"http:\/\/lfconsultants.com\/wp-content\/uploads\/2021\/08\/LFPNGLOGPQ2.png\",\"width\":206,\"height\":174,\"caption\":\"Lawyers and Financial Consultants SAS\"},\"image\":{\"@id\":\"https:\/\/lfconsultants.com\/#\/schema\/logo\/image\/\"}}]}<\/script>\n<!-- \/ Yoast SEO plugin. -->","yoast_head_json":{"title":"Consultor\u00eda contable y fiscal - Abogados en barranquilla","description":"Consultor\u00eda contable y fiscal para todos. Servicios de outsourcing contable y revisor\u00eda fiscal. Llamenos para mas informaci\u00f3n.","robots":{"index":"index","follow":"follow","max-snippet":"max-snippet:-1","max-image-preview":"max-image-preview:large","max-video-preview":"max-video-preview:-1"},"canonical":"https:\/\/lfconsultants.com\/index.php\/consultoria-contable-fiscal\/","og_locale":"en_US","og_type":"article","og_title":"Consultor\u00eda contable y fiscal - Abogados en barranquilla","og_description":"Consultor\u00eda contable y fiscal para todos. Servicios de outsourcing contable y revisor\u00eda fiscal. Llamenos para mas informaci\u00f3n.","og_url":"https:\/\/lfconsultants.com\/index.php\/consultoria-contable-fiscal\/","og_site_name":"Abogados en barranquilla","article_modified_time":"2021-08-20T19:34:46+00:00","og_image":[{"url":"http:\/\/lfconsultants.com\/wp-content\/uploads\/2021\/08\/cnt.jpg","type":"","width":"","height":""}],"twitter_card":"summary_large_image","twitter_misc":{"Est. reading time":"3 minutes"},"schema":{"@context":"https:\/\/schema.org","@graph":[{"@type":"WebPage","@id":"https:\/\/lfconsultants.com\/index.php\/consultoria-contable-fiscal\/","url":"https:\/\/lfconsultants.com\/index.php\/consultoria-contable-fiscal\/","name":"Consultor\u00eda contable y fiscal - Abogados en barranquilla","isPartOf":{"@id":"https:\/\/lfconsultants.com\/#website"},"primaryImageOfPage":{"@id":"https:\/\/lfconsultants.com\/index.php\/consultoria-contable-fiscal\/#primaryimage"},"image":{"@id":"https:\/\/lfconsultants.com\/index.php\/consultoria-contable-fiscal\/#primaryimage"},"thumbnailUrl":"http:\/\/lfconsultants.com\/wp-content\/uploads\/2021\/08\/cnt.jpg","datePublished":"2021-08-18T17:22:15+00:00","dateModified":"2021-08-20T19:34:46+00:00","description":"Consultor\u00eda contable y fiscal para todos. Servicios de outsourcing contable y revisor\u00eda fiscal. Llamenos para mas informaci\u00f3n.","breadcrumb":{"@id":"https:\/\/lfconsultants.com\/index.php\/consultoria-contable-fiscal\/#breadcrumb"},"inLanguage":"en-US","potentialAction":[{"@type":"ReadAction","target":["https:\/\/lfconsultants.com\/index.php\/consultoria-contable-fiscal\/"]}]},{"@type":"ImageObject","inLanguage":"en-US","@id":"https:\/\/lfconsultants.com\/index.php\/consultoria-contable-fiscal\/#primaryimage","url":"https:\/\/lfconsultants.com\/wp-content\/uploads\/2021\/08\/cnt.jpg","contentUrl":"https:\/\/lfconsultants.com\/wp-content\/uploads\/2021\/08\/cnt.jpg","width":1025,"height":684},{"@type":"BreadcrumbList","@id":"https:\/\/lfconsultants.com\/index.php\/consultoria-contable-fiscal\/#breadcrumb","itemListElement":[{"@type":"ListItem","position":1,"name":"Portada","item":"https:\/\/lfconsultants.com\/"},{"@type":"ListItem","position":2,"name":"Consultor\u00eda contable y fiscal"}]},{"@type":"WebSite","@id":"https:\/\/lfconsultants.com\/#website","url":"https:\/\/lfconsultants.com\/","name":"Lawyers and Financial Consultants","description":"","publisher":{"@id":"https:\/\/lfconsultants.com\/#organization"},"potentialAction":[{"@type":"SearchAction","target":{"@type":"EntryPoint","urlTemplate":"https:\/\/lfconsultants.com\/?s={search_term_string}"},"query-input":{"@type":"PropertyValueSpecification","valueRequired":true,"valueName":"search_term_string"}}],"inLanguage":"en-US"},{"@type":"Organization","@id":"https:\/\/lfconsultants.com\/#organization","name":"Lawyers and Financial Consultants SAS","url":"https:\/\/lfconsultants.com\/","logo":{"@type":"ImageObject","inLanguage":"en-US","@id":"https:\/\/lfconsultants.com\/#\/schema\/logo\/image\/","url":"http:\/\/lfconsultants.com\/wp-content\/uploads\/2021\/08\/LFPNGLOGPQ2.png","contentUrl":"http:\/\/lfconsultants.com\/wp-content\/uploads\/2021\/08\/LFPNGLOGPQ2.png","width":206,"height":174,"caption":"Lawyers and Financial Consultants SAS"},"image":{"@id":"https:\/\/lfconsultants.com\/#\/schema\/logo\/image\/"}}]}},"_links":{"self":[{"href":"https:\/\/lfconsultants.com\/index.php\/wp-json\/wp\/v2\/pages\/183","targetHints":{"allow":["GET"]}}],"collection":[{"href":"https:\/\/lfconsultants.com\/index.php\/wp-json\/wp\/v2\/pages"}],"about":[{"href":"https:\/\/lfconsultants.com\/index.php\/wp-json\/wp\/v2\/types\/page"}],"author":[{"embeddable":true,"href":"https:\/\/lfconsultants.com\/index.php\/wp-json\/wp\/v2\/users\/1"}],"replies":[{"embeddable":true,"href":"https:\/\/lfconsultants.com\/index.php\/wp-json\/wp\/v2\/comments?post=183"}],"version-history":[{"count":4,"href":"https:\/\/lfconsultants.com\/index.php\/wp-json\/wp\/v2\/pages\/183\/revisions"}],"predecessor-version":[{"id":323,"href":"https:\/\/lfconsultants.com\/index.php\/wp-json\/wp\/v2\/pages\/183\/revisions\/323"}],"wp:attachment":[{"href":"https:\/\/lfconsultants.com\/index.php\/wp-json\/wp\/v2\/media?parent=183"}],"curies":[{"name":"wp","href":"https:\/\/api.w.org\/{rel}","templated":true}]}}