{"id":125,"date":"2021-08-13T15:18:23","date_gmt":"2021-08-13T15:18:23","guid":{"rendered":"http:\/\/lfconsultants.com\/?page_id=125"},"modified":"2021-08-13T16:34:15","modified_gmt":"2021-08-13T16:34:15","slug":"quienes-somos","status":"publish","type":"page","link":"https:\/\/lfconsultants.com\/index.php\/quienes-somos\/","title":{"rendered":"Quienes somos"},"content":{"rendered":"\n<div class=\"wp-block-image\"><figure class=\"aligncenter size-full is-resized\"><img fetchpriority=\"high\" decoding=\"async\" src=\"http:\/\/lfconsultants.com\/wp-content\/uploads\/2021\/08\/wplf2.jpg\" alt=\"\" class=\"wp-image-126\" width=\"772\" height=\"514\" srcset=\"https:\/\/lfconsultants.com\/wp-content\/uploads\/2021\/08\/wplf2.jpg 1000w, https:\/\/lfconsultants.com\/wp-content\/uploads\/2021\/08\/wplf2-300x200.jpg 300w, https:\/\/lfconsultants.com\/wp-content\/uploads\/2021\/08\/wplf2-768x511.jpg 768w\" sizes=\"(max-width: 772px) 100vw, 772px\" \/><\/figure><\/div>\n\n\n\n<p>Somos una firma de consultor\u00eda especializada en el \u00e1rea legal, financiera y&nbsp;empresarial, comprometida con nuestra regi\u00f3n Caribe, a trav\u00e9s de la prestaci\u00f3n de un&nbsp;servicio de asesor\u00eda y consultor\u00eda integral, buscando proteger los intereses&nbsp;econ\u00f3micos, sociales financieros y empresariales, de nuestros clientes.&nbsp;<\/p>\n\n\n\n<p>Nuestra firma esta soportada por un selecto grupo de profesionales especializados,&nbsp;con postgrados de las mejores universidades del pa\u00eds, y una amplia experiencia&nbsp;laboral en empresas nacionales y multinacionales de gran reconocimiento, adicional a&nbsp;un continuo plan de capacitaci\u00f3n y formaci\u00f3n logrando as\u00ed, estar a la altura de las&nbsp;exigencias de nuestros clientes y del mercado.&nbsp;<\/p>\n\n\n\n<p>Nuestra experiencia en temas de registros marcarios y de propiedad intelectual la tenemos con las empresas, BANUS (Sector de la Construcci\u00f3n), TRADELCA (Transformadores del Caribe), HI-SKY (Importadores de equipos celulares), BY LITO (Textiles), LAN SECURITY NETWORKS (Tecnologia), entre otras.\u00a0<\/p>\n\n\n\n<div class=\"wp-block-columns is-layout-flex wp-container-core-columns-is-layout-9d6595d7 wp-block-columns-is-layout-flex\">\n<div class=\"wp-block-column is-layout-flow wp-block-column-is-layout-flow\"><style>.wp-block-kadence-column.kb-section-dir-horizontal > .kt-inside-inner-col > #kt-info-box_249542-1f .kt-blocks-info-box-link-wrap{max-width:unset;}#kt-info-box_249542-1f .kt-blocks-info-box-link-wrap{border-top-width:0px;border-right-width:0px;border-bottom-width:0px;border-left-width:0px;padding-top:20px;padding-right:20px;padding-bottom:20px;padding-left:20px;}#kt-info-box_249542-1f .kadence-info-box-icon-container .kt-info-svg-icon, #kt-info-box_249542-1f .kt-info-svg-icon-flip, #kt-info-box_249542-1f .kt-blocks-info-box-number{font-size:50px;}#kt-info-box_249542-1f .kt-blocks-info-box-media{color:#444444;background:transparent;border-color:#444444;border-top-width:0px;border-right-width:0px;border-bottom-width:0px;border-left-width:0px;padding-top:10px;padding-right:10px;padding-bottom:10px;padding-left:10px;}#kt-info-box_249542-1f .kt-blocks-info-box-media-container{margin-top:0px;margin-right:15px;margin-bottom:0px;margin-left:15px;}#kt-info-box_249542-1f .kt-blocks-info-box-link-wrap:hover .kt-blocks-info-box-media{color:#444444;background:transparent;border-color:#444444;}#kt-info-box_249542-1f .kt-infobox-textcontent h3.kt-blocks-info-box-title{padding-top:0px;padding-right:0px;padding-bottom:0px;padding-left:0px;margin-top:5px;margin-right:0px;margin-bottom:10px;margin-left:0px;}#kt-info-box_249542-1f .kt-blocks-info-box-learnmore{background:transparent;border-color:#555555;border-width:0px 0px 0px 0px;padding-top:4px;padding-right:8px;padding-bottom:4px;padding-left:8px;margin-top:10px;margin-right:0px;margin-bottom:10px;margin-left:0px;}#kt-info-box_249542-1f .kt-blocks-info-box-link-wrap:hover .kt-blocks-info-box-learnmore,#kt-info-box_249542-1f .kt-blocks-info-box-link-wrap .kt-blocks-info-box-learnmore:focus{color:#ffffff;background:#444444;border-color:#444444;}<\/style>\n<div id=\"kt-info-box_249542-1f\" class=\"wp-block-kadence-infobox\"><a class=\"kt-blocks-info-box-link-wrap info-box-link kt-blocks-info-box-media-align-top kt-info-halign-center\"><div class=\"kt-blocks-info-box-media-container\"><div class=\"kt-blocks-info-box-media kt-info-media-animate-none\"><div class=\"kadence-info-box-icon-container kt-info-icon-animate-none\"><div class=\"kadence-info-box-icon-inner-container\"><span style=\"display:block;justify-content:center;align-items:center\" class=\"kt-info-svg-icon kt-info-svg-icon-fe_briefcase\"><svg style=\"display:inline-block;vertical-align:middle\" viewbox=\"0 0 24 24\" height=\"50\" width=\"50\" fill=\"none\" stroke=\"currentColor\" xmlns=\"http:\/\/www.w3.org\/2000\/svg\" stroke-width=\"2\" stroke-linecap=\"round\" stroke-linejoin=\"round\" aria-hidden=\"true\"><rect x=\"2\" y=\"7\" width=\"20\" height=\"14\" rx=\"2\" ry=\"2\"><\/rect><path d=\"M16 21V5a2 2 0 0 0-2-2h-4a2 2 0 0 0-2 2v16\"><\/path><\/svg><\/span><\/div><\/div><\/div><\/div><div class=\"kt-infobox-textcontent\"><h3 class=\"kt-blocks-info-box-title\">Nuestra Misi\u00f3n<\/h3><p class=\"kt-blocks-info-box-text\">Proteger los intereses econ\u00f3micos, sociales, financieros y\u00a0empresariales, de nuestros clientes, minimizando y previendo riesgos, a\u00a0trav\u00e9s de un servicio de asesor\u00eda y consultor\u00eda legal, tributaria, financiera\u00a0y empresarial, con alta calidad, eficiencia y efectividad, liderado por un\u00a0talento humano de alto rendimiento.\u00a0<\/p><\/div><\/a><\/div>\n\n\n\n<p><\/p>\n<\/div>\n\n\n\n<div class=\"wp-block-column is-layout-flow wp-block-column-is-layout-flow\"><style>.wp-block-kadence-column.kb-section-dir-horizontal > .kt-inside-inner-col > #kt-info-box_3ba1b5-fb .kt-blocks-info-box-link-wrap{max-width:unset;}#kt-info-box_3ba1b5-fb .kt-blocks-info-box-link-wrap{border-top-width:0px;border-right-width:0px;border-bottom-width:0px;border-left-width:0px;padding-top:20px;padding-right:20px;padding-bottom:20px;padding-left:20px;}#kt-info-box_3ba1b5-fb .kadence-info-box-icon-container .kt-info-svg-icon, #kt-info-box_3ba1b5-fb .kt-info-svg-icon-flip, #kt-info-box_3ba1b5-fb .kt-blocks-info-box-number{font-size:50px;}#kt-info-box_3ba1b5-fb .kt-blocks-info-box-media{color:#444444;background:transparent;border-color:#444444;border-top-width:0px;border-right-width:0px;border-bottom-width:0px;border-left-width:0px;padding-top:10px;padding-right:10px;padding-bottom:10px;padding-left:10px;}#kt-info-box_3ba1b5-fb .kt-blocks-info-box-media-container{margin-top:0px;margin-right:15px;margin-bottom:0px;margin-left:15px;}#kt-info-box_3ba1b5-fb .kt-blocks-info-box-link-wrap:hover .kt-blocks-info-box-media{color:#444444;background:transparent;border-color:#444444;}#kt-info-box_3ba1b5-fb .kt-infobox-textcontent h3.kt-blocks-info-box-title{padding-top:0px;padding-right:0px;padding-bottom:0px;padding-left:0px;margin-top:5px;margin-right:0px;margin-bottom:10px;margin-left:0px;}#kt-info-box_3ba1b5-fb .kt-blocks-info-box-learnmore{background:transparent;border-color:#555555;border-width:0px 0px 0px 0px;padding-top:4px;padding-right:8px;padding-bottom:4px;padding-left:8px;margin-top:10px;margin-right:0px;margin-bottom:10px;margin-left:0px;}#kt-info-box_3ba1b5-fb .kt-blocks-info-box-link-wrap:hover .kt-blocks-info-box-learnmore,#kt-info-box_3ba1b5-fb .kt-blocks-info-box-link-wrap .kt-blocks-info-box-learnmore:focus{color:#ffffff;background:#444444;border-color:#444444;}<\/style>\n<div id=\"kt-info-box_3ba1b5-fb\" class=\"wp-block-kadence-infobox\"><a class=\"kt-blocks-info-box-link-wrap info-box-link kt-blocks-info-box-media-align-top kt-info-halign-center\"><div class=\"kt-blocks-info-box-media-container\"><div class=\"kt-blocks-info-box-media kt-info-media-animate-none\"><div class=\"kadence-info-box-icon-container kt-info-icon-animate-none\"><div class=\"kadence-info-box-icon-inner-container\"><span style=\"display:block;justify-content:center;align-items:center\" class=\"kt-info-svg-icon kt-info-svg-icon-fe_eye\"><svg style=\"display:inline-block;vertical-align:middle\" viewbox=\"0 0 24 24\" height=\"50\" width=\"50\" fill=\"none\" stroke=\"currentColor\" xmlns=\"http:\/\/www.w3.org\/2000\/svg\" stroke-width=\"2\" stroke-linecap=\"round\" stroke-linejoin=\"round\" aria-hidden=\"true\"><path d=\"M1 12s4-8 11-8 11 8 11 8-4 8-11 8-11-8-11-8z\"><\/path><circle cx=\"12\" cy=\"12\" r=\"3\"><\/circle><\/svg><\/span><\/div><\/div><\/div><\/div><div class=\"kt-infobox-textcontent\"><h3 class=\"kt-blocks-info-box-title\">Nuestra Visi\u00f3n<\/h3><p class=\"kt-blocks-info-box-text\"> Ser, al 2023, una firma de asesor\u00eda y consultor\u00eda legal, tributaria,\u00a0financiera y empresarial, reconocida e influyente en la regi\u00f3n Caribe\u00a0colombiana.\u00a0 <br\/><br\/><br\/><br\/><\/p><\/div><\/a><\/div>\n\n\n\n<p><\/p>\n<\/div>\n<\/div>\n\n\n<style>.wp-block-kadence-advancedheading.kt-adv-heading_bdcc8e-a7, .wp-block-kadence-advancedheading.kt-adv-heading_bdcc8e-a7[data-kb-block=\"kb-adv-heading_bdcc8e-a7\"]{font-style:normal;}.wp-block-kadence-advancedheading.kt-adv-heading_bdcc8e-a7 mark.kt-highlight, .wp-block-kadence-advancedheading.kt-adv-heading_bdcc8e-a7[data-kb-block=\"kb-adv-heading_bdcc8e-a7\"] mark.kt-highlight{font-style:normal;color:#f76a0c;-webkit-box-decoration-break:clone;box-decoration-break:clone;padding-top:0px;padding-right:0px;padding-bottom:0px;padding-left:0px;}<\/style>\n<h3 class=\"kt-adv-heading_bdcc8e-a7 wp-block-kadence-advancedheading\" data-kb-block=\"kb-adv-heading_bdcc8e-a7\">Objetivo estrat\u00e9gico<\/h3>\n\n\n\n<p>Nuestro principal objetivo es lograr que la experiencia de nuestros clientes,&nbsp;sea tan memorable que trascienda, de la prestaci\u00f3n de un servicio a&nbsp;convertirnos en su mejor aliado estrat\u00e9gico.&nbsp;<\/p>\n\n\n<style>.wp-block-kadence-advancedheading.kt-adv-heading_c81c04-f9, .wp-block-kadence-advancedheading.kt-adv-heading_c81c04-f9[data-kb-block=\"kb-adv-heading_c81c04-f9\"]{font-style:normal;}.wp-block-kadence-advancedheading.kt-adv-heading_c81c04-f9 mark.kt-highlight, .wp-block-kadence-advancedheading.kt-adv-heading_c81c04-f9[data-kb-block=\"kb-adv-heading_c81c04-f9\"] mark.kt-highlight{font-style:normal;color:#f76a0c;-webkit-box-decoration-break:clone;box-decoration-break:clone;padding-top:0px;padding-right:0px;padding-bottom:0px;padding-left:0px;}<\/style>\n<h3 class=\"kt-adv-heading_c81c04-f9 wp-block-kadence-advancedheading\" data-kb-block=\"kb-adv-heading_c81c04-f9\">Pol\u00edtica de calidad<\/h3>\n\n\n\n<p>Brindar un servicio profesional, eficiente, efectivo y oportuno donde prima&nbsp;la calidad, el resultado y la satisfacci\u00f3n de nuestros clientes, generando&nbsp;relaciones duraderas.<\/p>\n\n\n\n<div class=\"wp-block-image\"><figure class=\"aligncenter size-large is-resized\"><img decoding=\"async\" src=\"http:\/\/lfconsultants.com\/wp-content\/uploads\/2021\/08\/customer-service-1433639_1280-1024x1024.png\" alt=\"\" class=\"wp-image-127\" width=\"377\" height=\"377\" srcset=\"https:\/\/lfconsultants.com\/wp-content\/uploads\/2021\/08\/customer-service-1433639_1280-1024x1024.png 1024w, https:\/\/lfconsultants.com\/wp-content\/uploads\/2021\/08\/customer-service-1433639_1280-300x300.png 300w, https:\/\/lfconsultants.com\/wp-content\/uploads\/2021\/08\/customer-service-1433639_1280-150x150.png 150w, https:\/\/lfconsultants.com\/wp-content\/uploads\/2021\/08\/customer-service-1433639_1280-768x768.png 768w, https:\/\/lfconsultants.com\/wp-content\/uploads\/2021\/08\/customer-service-1433639_1280-1080x1080.png 1080w, https:\/\/lfconsultants.com\/wp-content\/uploads\/2021\/08\/customer-service-1433639_1280.png 1280w\" sizes=\"(max-width: 377px) 100vw, 377px\" \/><\/figure><\/div>\n","protected":false},"excerpt":{"rendered":"<p>Somos una firma de consultor\u00eda especializada en el \u00e1rea legal, financiera y&nbsp;empresarial, comprometida con nuestra regi\u00f3n Caribe, a trav\u00e9s de la prestaci\u00f3n de un&nbsp;servicio de asesor\u00eda y consultor\u00eda integral, buscando proteger los intereses&nbsp;econ\u00f3micos, sociales financieros y empresariales, de nuestros clientes.&nbsp; Nuestra firma esta soportada por un selecto grupo de profesionales especializados,&nbsp;con postgrados de las mejores&hellip; <br \/> <a class=\"read-more\" href=\"https:\/\/lfconsultants.com\/index.php\/quienes-somos\/\">Read more<\/a><\/p>\n","protected":false},"author":1,"featured_media":0,"parent":0,"menu_order":0,"comment_status":"closed","ping_status":"closed","template":"","meta":{"om_disable_all_campaigns":false,"_monsterinsights_skip_tracking":false,"_monsterinsights_sitenote_active":false,"_monsterinsights_sitenote_note":"","_monsterinsights_sitenote_category":0,"footnotes":""},"class_list":["post-125","page","type-page","status-publish","hentry"],"yoast_head":"<!-- This site is optimized with the Yoast SEO plugin v25.3 - https:\/\/yoast.com\/wordpress\/plugins\/seo\/ -->\n<title>Quienes somos - Abogados en barranquilla<\/title>\n<meta name=\"robots\" content=\"index, follow, max-snippet:-1, max-image-preview:large, max-video-preview:-1\" \/>\n<link rel=\"canonical\" href=\"https:\/\/lfconsultants.com\/index.php\/quienes-somos\/\" \/>\n<meta property=\"og:locale\" content=\"en_US\" \/>\n<meta property=\"og:type\" content=\"article\" \/>\n<meta property=\"og:title\" content=\"Quienes somos - Abogados en barranquilla\" \/>\n<meta property=\"og:description\" content=\"Somos una firma de consultor\u00eda especializada en el \u00e1rea legal, financiera y&nbsp;empresarial, comprometida con nuestra regi\u00f3n Caribe, a trav\u00e9s de la prestaci\u00f3n de un&nbsp;servicio de asesor\u00eda y consultor\u00eda integral, buscando proteger los intereses&nbsp;econ\u00f3micos, sociales financieros y empresariales, de nuestros clientes.&nbsp; Nuestra firma esta soportada por un selecto grupo de profesionales especializados,&nbsp;con postgrados de las mejores&hellip; Read more\" \/>\n<meta property=\"og:url\" content=\"https:\/\/lfconsultants.com\/index.php\/quienes-somos\/\" \/>\n<meta property=\"og:site_name\" content=\"Abogados en barranquilla\" \/>\n<meta property=\"article:modified_time\" content=\"2021-08-13T16:34:15+00:00\" \/>\n<meta property=\"og:image\" content=\"http:\/\/lfconsultants.com\/wp-content\/uploads\/2021\/08\/wplf2.jpg\" \/>\n<meta name=\"twitter:card\" content=\"summary_large_image\" \/>\n<meta name=\"twitter:label1\" content=\"Est. reading time\" \/>\n\t<meta name=\"twitter:data1\" content=\"2 minutes\" \/>\n<script type=\"application\/ld+json\" class=\"yoast-schema-graph\">{\"@context\":\"https:\/\/schema.org\",\"@graph\":[{\"@type\":\"WebPage\",\"@id\":\"https:\/\/lfconsultants.com\/index.php\/quienes-somos\/\",\"url\":\"https:\/\/lfconsultants.com\/index.php\/quienes-somos\/\",\"name\":\"Quienes somos - Abogados en barranquilla\",\"isPartOf\":{\"@id\":\"https:\/\/lfconsultants.com\/#website\"},\"primaryImageOfPage\":{\"@id\":\"https:\/\/lfconsultants.com\/index.php\/quienes-somos\/#primaryimage\"},\"image\":{\"@id\":\"https:\/\/lfconsultants.com\/index.php\/quienes-somos\/#primaryimage\"},\"thumbnailUrl\":\"http:\/\/lfconsultants.com\/wp-content\/uploads\/2021\/08\/wplf2.jpg\",\"datePublished\":\"2021-08-13T15:18:23+00:00\",\"dateModified\":\"2021-08-13T16:34:15+00:00\",\"breadcrumb\":{\"@id\":\"https:\/\/lfconsultants.com\/index.php\/quienes-somos\/#breadcrumb\"},\"inLanguage\":\"en-US\",\"potentialAction\":[{\"@type\":\"ReadAction\",\"target\":[\"https:\/\/lfconsultants.com\/index.php\/quienes-somos\/\"]}]},{\"@type\":\"ImageObject\",\"inLanguage\":\"en-US\",\"@id\":\"https:\/\/lfconsultants.com\/index.php\/quienes-somos\/#primaryimage\",\"url\":\"https:\/\/lfconsultants.com\/wp-content\/uploads\/2021\/08\/wplf2.jpg\",\"contentUrl\":\"https:\/\/lfconsultants.com\/wp-content\/uploads\/2021\/08\/wplf2.jpg\",\"width\":1000,\"height\":666},{\"@type\":\"BreadcrumbList\",\"@id\":\"https:\/\/lfconsultants.com\/index.php\/quienes-somos\/#breadcrumb\",\"itemListElement\":[{\"@type\":\"ListItem\",\"position\":1,\"name\":\"Portada\",\"item\":\"https:\/\/lfconsultants.com\/\"},{\"@type\":\"ListItem\",\"position\":2,\"name\":\"Quienes somos\"}]},{\"@type\":\"WebSite\",\"@id\":\"https:\/\/lfconsultants.com\/#website\",\"url\":\"https:\/\/lfconsultants.com\/\",\"name\":\"Lawyers and Financial Consultants\",\"description\":\"\",\"publisher\":{\"@id\":\"https:\/\/lfconsultants.com\/#organization\"},\"potentialAction\":[{\"@type\":\"SearchAction\",\"target\":{\"@type\":\"EntryPoint\",\"urlTemplate\":\"https:\/\/lfconsultants.com\/?s={search_term_string}\"},\"query-input\":{\"@type\":\"PropertyValueSpecification\",\"valueRequired\":true,\"valueName\":\"search_term_string\"}}],\"inLanguage\":\"en-US\"},{\"@type\":\"Organization\",\"@id\":\"https:\/\/lfconsultants.com\/#organization\",\"name\":\"Lawyers and Financial Consultants SAS\",\"url\":\"https:\/\/lfconsultants.com\/\",\"logo\":{\"@type\":\"ImageObject\",\"inLanguage\":\"en-US\",\"@id\":\"https:\/\/lfconsultants.com\/#\/schema\/logo\/image\/\",\"url\":\"http:\/\/lfconsultants.com\/wp-content\/uploads\/2021\/08\/LFPNGLOGPQ2.png\",\"contentUrl\":\"http:\/\/lfconsultants.com\/wp-content\/uploads\/2021\/08\/LFPNGLOGPQ2.png\",\"width\":206,\"height\":174,\"caption\":\"Lawyers and Financial Consultants SAS\"},\"image\":{\"@id\":\"https:\/\/lfconsultants.com\/#\/schema\/logo\/image\/\"}}]}<\/script>\n<!-- \/ Yoast SEO plugin. -->","yoast_head_json":{"title":"Quienes somos - Abogados en barranquilla","robots":{"index":"index","follow":"follow","max-snippet":"max-snippet:-1","max-image-preview":"max-image-preview:large","max-video-preview":"max-video-preview:-1"},"canonical":"https:\/\/lfconsultants.com\/index.php\/quienes-somos\/","og_locale":"en_US","og_type":"article","og_title":"Quienes somos - Abogados en barranquilla","og_description":"Somos una firma de consultor\u00eda especializada en el \u00e1rea legal, financiera y&nbsp;empresarial, comprometida con nuestra regi\u00f3n Caribe, a trav\u00e9s de la prestaci\u00f3n de un&nbsp;servicio de asesor\u00eda y consultor\u00eda integral, buscando proteger los intereses&nbsp;econ\u00f3micos, sociales financieros y empresariales, de nuestros clientes.&nbsp; Nuestra firma esta soportada por un selecto grupo de profesionales especializados,&nbsp;con postgrados de las mejores&hellip; Read more","og_url":"https:\/\/lfconsultants.com\/index.php\/quienes-somos\/","og_site_name":"Abogados en barranquilla","article_modified_time":"2021-08-13T16:34:15+00:00","og_image":[{"url":"http:\/\/lfconsultants.com\/wp-content\/uploads\/2021\/08\/wplf2.jpg","type":"","width":"","height":""}],"twitter_card":"summary_large_image","twitter_misc":{"Est. reading time":"2 minutes"},"schema":{"@context":"https:\/\/schema.org","@graph":[{"@type":"WebPage","@id":"https:\/\/lfconsultants.com\/index.php\/quienes-somos\/","url":"https:\/\/lfconsultants.com\/index.php\/quienes-somos\/","name":"Quienes somos - Abogados en barranquilla","isPartOf":{"@id":"https:\/\/lfconsultants.com\/#website"},"primaryImageOfPage":{"@id":"https:\/\/lfconsultants.com\/index.php\/quienes-somos\/#primaryimage"},"image":{"@id":"https:\/\/lfconsultants.com\/index.php\/quienes-somos\/#primaryimage"},"thumbnailUrl":"http:\/\/lfconsultants.com\/wp-content\/uploads\/2021\/08\/wplf2.jpg","datePublished":"2021-08-13T15:18:23+00:00","dateModified":"2021-08-13T16:34:15+00:00","breadcrumb":{"@id":"https:\/\/lfconsultants.com\/index.php\/quienes-somos\/#breadcrumb"},"inLanguage":"en-US","potentialAction":[{"@type":"ReadAction","target":["https:\/\/lfconsultants.com\/index.php\/quienes-somos\/"]}]},{"@type":"ImageObject","inLanguage":"en-US","@id":"https:\/\/lfconsultants.com\/index.php\/quienes-somos\/#primaryimage","url":"https:\/\/lfconsultants.com\/wp-content\/uploads\/2021\/08\/wplf2.jpg","contentUrl":"https:\/\/lfconsultants.com\/wp-content\/uploads\/2021\/08\/wplf2.jpg","width":1000,"height":666},{"@type":"BreadcrumbList","@id":"https:\/\/lfconsultants.com\/index.php\/quienes-somos\/#breadcrumb","itemListElement":[{"@type":"ListItem","position":1,"name":"Portada","item":"https:\/\/lfconsultants.com\/"},{"@type":"ListItem","position":2,"name":"Quienes somos"}]},{"@type":"WebSite","@id":"https:\/\/lfconsultants.com\/#website","url":"https:\/\/lfconsultants.com\/","name":"Lawyers and Financial Consultants","description":"","publisher":{"@id":"https:\/\/lfconsultants.com\/#organization"},"potentialAction":[{"@type":"SearchAction","target":{"@type":"EntryPoint","urlTemplate":"https:\/\/lfconsultants.com\/?s={search_term_string}"},"query-input":{"@type":"PropertyValueSpecification","valueRequired":true,"valueName":"search_term_string"}}],"inLanguage":"en-US"},{"@type":"Organization","@id":"https:\/\/lfconsultants.com\/#organization","name":"Lawyers and Financial Consultants SAS","url":"https:\/\/lfconsultants.com\/","logo":{"@type":"ImageObject","inLanguage":"en-US","@id":"https:\/\/lfconsultants.com\/#\/schema\/logo\/image\/","url":"http:\/\/lfconsultants.com\/wp-content\/uploads\/2021\/08\/LFPNGLOGPQ2.png","contentUrl":"http:\/\/lfconsultants.com\/wp-content\/uploads\/2021\/08\/LFPNGLOGPQ2.png","width":206,"height":174,"caption":"Lawyers and Financial Consultants SAS"},"image":{"@id":"https:\/\/lfconsultants.com\/#\/schema\/logo\/image\/"}}]}},"_links":{"self":[{"href":"https:\/\/lfconsultants.com\/index.php\/wp-json\/wp\/v2\/pages\/125","targetHints":{"allow":["GET"]}}],"collection":[{"href":"https:\/\/lfconsultants.com\/index.php\/wp-json\/wp\/v2\/pages"}],"about":[{"href":"https:\/\/lfconsultants.com\/index.php\/wp-json\/wp\/v2\/types\/page"}],"author":[{"embeddable":true,"href":"https:\/\/lfconsultants.com\/index.php\/wp-json\/wp\/v2\/users\/1"}],"replies":[{"embeddable":true,"href":"https:\/\/lfconsultants.com\/index.php\/wp-json\/wp\/v2\/comments?post=125"}],"version-history":[{"count":4,"href":"https:\/\/lfconsultants.com\/index.php\/wp-json\/wp\/v2\/pages\/125\/revisions"}],"predecessor-version":[{"id":151,"href":"https:\/\/lfconsultants.com\/index.php\/wp-json\/wp\/v2\/pages\/125\/revisions\/151"}],"wp:attachment":[{"href":"https:\/\/lfconsultants.com\/index.php\/wp-json\/wp\/v2\/media?parent=125"}],"curies":[{"name":"wp","href":"https:\/\/api.w.org\/{rel}","templated":true}]}}